e of -s**4/24 - s**3/6 - 2*s**2. Let f(b) = -2*g(b) - 3*h(b). Calculate f(d).
-1
Let k(o) = -o**2 - 8*o - 5. Suppose -w - 2*w + 63 = 3*c, 3*w + 63 = 4*c. Let a be 1*c/(-4 + 1). What is k(a)?
7
Let g = 6 + -12. Let f(z) = z**2 + 6*z - 1. What is f(g)?
-1
Let x be (-2)/5 + 81/15. Let o(l) = -11*l + 2*l**3 + 2*l**2 - 5*l**2 + 0*l**3 - 11. Let n(t) = -t**3 + 2*t**2 + 7*t + 7. Let s(w) = x*o(w) + 8*n(w). Give s(-1).
-1
Let k(v) = -2*v. Suppose 3*b + 1 = 10. Calculate k(b).
-6
Let v be -1 + (-3)/6*-2. Let m be (-1 - -2)*(-1 - v). Let z(h) be the second derivative of -h**4/2 + h**3/6 + h**2/2 + 2*h. Calculate z(m).
-6
Let y = 4 - 0. Let p(b) = y - 6*b + 3*b + b. Determine p(5).
-6
Let b(q) be the third derivative of 0*q + 0 - 3*q**2 - 1/24*q**6 + 1/24*q**4 + 1/60*q**5 - 1/6*q**3. Determine b(1).
-4
Let k(b) = b**2 + 2. Let x = -8 - -10. Calculate k(x).
6
Let m = -10 + 16. Let d(s) = -s - 1. Give d(m).
-7
Let o(k) = -2*k**3 + 2*k**2 + 2*k - 2. Let b(q) = -5*q**3 + 7*q**2 + 7*q - 6. Let w(h) = -3*b(h) + 8*o(h). Calculate w(-4).
6
Let r(t) = 0 - 300*t + 304*t + 1. Give r(-3).
-11
Suppose 0 = 2*r + 6. Let n(p) = p**2 + 6*p + 4. What is n(r)?
-5
Let m(l) be the third derivative of l**5/60 - l**4/12 + 4*l**2. Determine m(2).
0
Let g(w) be the first derivative of w**4/4 - 2*w**3 - 4*w**2 + 7*w + 13. Give g(7).
0
Let y(b) be the third derivative of b**5/60 - b**4/24 - b**3/6 + b**2 + 4. What is y(0)?
-1
Let y(t) = 6 - 9 - 2*t + t + 7. What is y(4)?
0
Let l(f) = -16*f - 14. Let b(v) = 11*v + 9. Let w(t) = 8*b(t) + 5*l(t). Determine w(-2).
-14
Let f(c) = c**2 + 6*c + 2. Let s(k) = -2*k**2 - 2*k**2 - 4 + 3*k + 0*k**3 + k**3. Suppose -2*h - 13 = -l, 8*l - 3*l = 3*h + 30. Let y be s(l). Give f(y).
-6
Let u(b) = 1 - b**3 - b**2 + 2*b**3 - 2*b - 3 + 5. Let t(d) = 2*d**2. Let z be t(1). Determine u(z).
3
Let t(z) = -z**3 - 3*z**2 - 2*z - 2. Let j(a) = -a**3 - 5*a**2 - 2*a - 6. Let i be j(-5). Let m be (-1 + 0)*(i + -2). Give t(m).
-2
Suppose 4*a = m - 22, -4*m + 0*a + 2*a + 18 = 0. Let o(s) = -2*s**m - 3*s**2 + 5*s**2 - 2 + s**2 + 2*s. Calculate o(-5).
13
Let i(o) = -o**2 - 5*o - 6. Suppose 0 = -4*d + 8, d - 23 = -2*v - 7. Let h(c) = 3*c + 9. Let z be h(v). Suppose -5*q = 5*x + z, 0 + 2 = -3*q + 5*x. Give i(q).
-2
Suppose 0 = 4*j + 9 - 33. Suppose j*a = 2*a. Let l(w) = w**3 - w**2 - w + 5. Give l(a).
5
Let v(a) be the first derivative of -a**3/3 - a**2 - 2*a + 6. Determine v(-2).
-2
Let n(f) = 2*f + 0*f - 3*f. Suppose 0*y + 5*y - 17 = -4*j, 7 = y + 2*j. Determine n(y).
-1
Let o(u) = 11*u**2 + 15. Let c = 15 - 9. Let z(p) = c*p**2 - 4*p**2 + 3*p**2 + 7. Let b(q) = 6*o(q) - 13*z(q). Calculate b(-2).
3
Let u(p) = p**2 + p - 1. Let d(y) = -y**3 - 4*y**2 + 5*y. Let s be d(-5). What is u(s)?
-1
Let r = 887 - 882. Let w = 6 - 4. Let n(v) = -5*v + 8*v**2 + 0*v - v**3 - 2 - 2*v**w. Determine n(r).
-2
Let a(r) = -13 + 30 - 2 - 9*r - 7 + r**2. Suppose -18 = -2*t - 2. Calculate a(t).
0
Let m(z) = z**3 + 4*z**2 + 3*z + 5. Let t be m(-3). Let l(b) = b**3 - 6*b**2 + 5*b - 4. What is l(t)?
-4
Let v(a) = a. Suppose 2*s = -3*s + 25. Suppose s*w + q = -4*q + 15, -5*w + 16 = 4*q. Suppose -5*m - 5 = 2*t + 3*t, w*m = -2*t - 4. Determine v(m).
-1
Let w(h) = 2*h - 1. Let l = -6 + 1. Let r = l - -7. Give w(r).
3
Let g(m) be the second derivative of m**4/12 - 4*m**3/3 + 7*m**2/2 - 24*m. What is g(5)?
-8
Let s(l) = -l + 2. Suppose 8*k = 7*k. Give s(k).
2
Let y(x) = 2*x**3 + 3*x**2 - 3*x - 1. Let z(b) = b**3 + 2*b**2 - b - 1. Let n(s) = 4*y(s) - 7*z(s). Determine n(3).
-3
Suppose 5*s - 58 = 4*h, 5*s + 2*h - 34 = 12. Suppose -5*p - 2*m = -35, -s = 4*p - m - 25. Let d(r) = r**2 - 2*r - 5. Give d(p).
10
Let d(p) = -9*p**2 + p - 2. Let z(u) = u**2 - 1. Let j(l) = d(l) - 2*z(l). Calculate j(1).
-10
Let y(o) = o**3 - o**2 - 4*o + 3. Suppose 0 = -9*a + 22 + 5. Determine y(a).
9
Let m(p) = 4*p + 8 + 3*p**2 - 3 + 3 - 10*p**2 + p**3. Calculate m(6).
-4
Let s(a) = a - 5*a + 5*a + 10. What is s(-11)?
-1
Suppose 2*w - 7*w - 5*z - 15 = 0, -3*w - 4*z = 9. Let y(b) be the second derivative of 0*b**3 - b + 0 + 2*b**2 - 1/12*b**4. Determine y(w).
-5
Let h(u) be the second derivative of -u**6/360 - u**5/24 + u**4/12 + u. Let m(w) be the third derivative of h(w). Give m(-5).
5
Let h(q) = q**2 - 3*q - 2. Let r(n) = 2*n - 7. Let k be r(6). Give h(k).
8
Let z(r) be the second derivative of r**5/20 + r**4/3 + r**3/6 - 3*r**2/2 - 3*r. Let g(t) = -t**2 - 2*t - 1. Let i be g(-3). What is z(i)?
-7
Suppose -q + 4*j - 15 = j, -3*q - 2*j = 12. Let y(d) = d**2 + 5*d. Calculate y(q).
6
Suppose 45 = -14*r - 39. Let l(t) = t**2 + 7*t - 7. Give l(r).
-13
Let b(z) = -z**3 + 3*z**2 + 6*z - 6. Suppose y - 4*p + 10 = -8, -5*p = -3*y - 19. Suppose -3*a + 20 = y*a. Give b(a).
2
Suppose 5*h = 7 + 3. Let f(n) = 14*n - n**h - 14*n. Let x(t) = t**2. Let p be x(1). Determine f(p).
-1
Let g(q) = -3*q**3 + 35*q**2 - 44*q + 44. Let m(j) = j**3 - 12*j**2 + 15*j - 15. Let f(o) = 3*g(o) + 8*m(o). What is f(8)?
-20
Let a(k) = -k**2 - 2*k + 2. Let y be (-357)/68 + (-1)/(-4). What is a(y)?
-13
Let z = 3 - 8. Let y(p) = 10*p - 4. Let w(a) = -17*a + 13. Let g(f) = 9*f - 7. Let d(m) = -11*g(m) - 6*w(m). Let j(h) = 14*d(h) - 4*y(h). What is j(z)?
-8
Let h(a) = a**2 - 2. Let s be (48/30)/((-2)/(-5)). Let b = s - 6. Let k = b - 0. What is h(k)?
2
Let l(a) = -a + 4 - 5 + 1 - 2. Give l(2).
-4
Let a(g) = -g**3 - 6*g**2 - 8. Suppose -5*u = -16 + 46. Calculate a(u).
-8
Suppose 0 = -10*v - 3 + 73. Let b(i) = -2*i - 3. Determine b(v).
-17
Let f(z) = -z**2 - 2*z - 2. Let v(c) be the third derivative of c**4/24 - 2*c**3 - c**2. Let w be v(5). Let r = w + 4. What is f(r)?
-5
Let n be (0 + 5)/(-1 - -2). Suppose -5*g + 2 + 0 = 2*h, -h - n*g = -1. Let x(q) = -4*q - 1. What is x(h)?
-5
Let n(y) be the third derivative of 3*y**6/40 + y**5/30 + y**4/12 + y**3/6 - y**2. Suppose -2 = -p + 4*h + 23, p - 10 = h. Suppose -p*j - 4 = 1. Determine n(j).
-8
Let f(r) = -2*r**2 - 2*r + 1. Let d = -3 - -10. Let a(g) = g**2 - 7*g + 10. Let x be a(d). Let o be 4*(-3 + x/4). What is f(o)?
-3
Suppose x - 21 = 3*t, -4*x = 5*t - 24 - 9. Let c(g) = -8 - 9 + x - g. Give c(-5).
0
Let x(h) = 3*h + h**2 + 3 + 2*h - h. Suppose -9 = -5*k + 6. Let t be -1 - k/3 - 1. What is x(t)?
0
Let l = 16 + -7. Let o(p) = 10*p + 5 - l*p - 2. Let q be (24/20)/((-6)/20). Calculate o(q).
-1
Let p(x) = -x**3 + 2*x**2 + 4*x - 3. Let c = 43 - 40. Calculate p(c).
0
Suppose 0 = 4*c - 12 - 4. Let f(r) = 0 - 3 + 1 + 3 + c*r. Give f(-2).
-7
Let n(w) = -2*w + 17. Let y(q) = -q + 8. Let i(b) = -6*n(b) + 13*y(b). Let v(o) = o. Let c(g) = i(g) + 4*v(g). What is c(-3)?
-7
Let j(u) = -8*u - 8 + u**3 + 5*u**2 + 4*u**3 - 4*u**3. Give j(-6).
4
Let i(q) = q - 13. Let c be i(16). Let f(m) = -3*m - 2. Determine f(c).
-11
Let o be ((-9)/(-9))/(1/(-4)). Let c(f) = -f**2 - 6*f - 3. Calculate c(o).
5
Let u be (62/(-6))/((-8)/24). Let w(f) = 3 + 4 + u*f**2 + 3*f - 32*f**2. Give w(5).
-3
Suppose -2*o + 6 = 4*w, -w + o = -2 - 1. Suppose -5*r + 4*r - w = 0. Let k(d) = d**2 - 2*d - 3. Give k(r).
5
Let b(l) = 3*l + 1. Let d be b(1). Let y(k) = d - 4 + 3*k + 1 - 6. Calculate y(4).
7
Let t(c) be the second derivative of 0 - 1/12*c**4 + 0*c**2 - c**3 + 5*c. Calculate t(-5).
5
Let k = 10 + -10. Let x be 0 - k - (-4 + 5). Let w(q) = 6*q**3 - 2*q - 1. Calculate w(x).
-5
Suppose -2*g + 10 = -0*g. Let x(s) = 1. Let u(o) = -o**3 + 4*o**2 + 3*o + 10. Let w(p) = -u(p) + 5*x(p). Determine w(g).
5
Let m(a) = -a**2 + 3*a. Let s be m(3). Let o(l) be the first derivative of -l**3/3 + 4*l + 3. Give o(s).
4
Let s = 20 + 3. Let y = 24 - s. Let i(t) = 5*t + 1. Determine i(y).
6
Let f(q) = q + 4. Let h be -8 - 0/(-3 + 1). Let i be (-20)/16*h/2. Let k = 2 - i. Give f(k).
1
Let w(l) = 4*l**3 + l + 1. Let u(a) = a. Let g be u(3). Let c(i) = 2*i**2. Let n be c(-1). Suppose 2*k - 5*x - 4 = -n*x, 0 = k + g*x + 7. Determine w(k).
-4
Let f(k) be the second derivative of -k**4/12 - k**3/6 - k**2 - 33*k - 1. Let d(a) = -a**2 + 2*a - 2. Let m be d(2). Calculate f(m).
-4
Let g(i) = i**3 - 9. Let d(x) = x**2 - 6*x - 16. Let b be d(8). Give g(b).
-9
Let p(n) be the third derivative of n**4/24 + n**3/6 - 19*n**2. Calculate p(-8).
-7
Suppose -s - 3*n - 21 = -6*s, -s + 11 = -4*n. Let x(q) be the first derivative of q**4/4 - q**3 - 4*q - 2. Calculate x(s).
-4
Let s(y) = y**